{"id":666,"date":"2024-03-22T10:43:22","date_gmt":"2024-03-22T13:43:22","guid":{"rendered":"https:\/\/midi.ar\/?page_id=666"},"modified":"2026-02-06T09:18:51","modified_gmt":"2026-02-06T12:18:51","slug":"coworking","status":"publish","type":"page","link":"https:\/\/midi.ar\/index.php\/coworking\/","title":{"rendered":"Coworking"},"content":{"rendered":"<p>[et_pb_section fb_built=\u00bb1&#8243; _builder_version=\u00bb4.21.0&#8243; _module_preset=\u00bbdefault\u00bb background_color=\u00bb#eaebef\u00bb global_colors_info=\u00bb{}\u00bb][et_pb_row _builder_version=\u00bb4.21.0&#8243; _module_preset=\u00bbdefault\u00bb global_colors_info=\u00bb{}\u00bb][et_pb_column type=\u00bb4_4&#8243; _builder_version=\u00bb4.21.0&#8243; _module_preset=\u00bbdefault\u00bb global_colors_info=\u00bb{}\u00bb][et_pb_image src=\u00bbhttps:\/\/midi.ar\/wp-content\/uploads\/2024\/03\/coworking.png\u00bb title_text=\u00bbcoworking\u00bb _builder_version=\u00bb4.21.0&#8243; _module_preset=\u00bbdefault\u00bb global_colors_info=\u00bb{}\u00bb][\/et_pb_image][\/et_pb_column][\/et_pb_row][\/et_pb_section][et_pb_section fb_built=\u00bb1&#8243; specialty=\u00bbon\u00bb custom_padding_last_edited=\u00bbon|desktop\u00bb _builder_version=\u00bb4.21.0&#8243; _module_preset=\u00bbdefault\u00bb background_image=\u00bbhttps:\/\/midi.ar\/wp-content\/uploads\/2024\/03\/Artboard-1.png\u00bb custom_padding=\u00bb||28px||false|false\u00bb custom_padding_tablet=\u00bb||65px||false|false\u00bb custom_padding_phone=\u00bb||53px||false|false\u00bb global_colors_info=\u00bb{}\u00bb][et_pb_column type=\u00bb1_2&#8243; specialty_columns=\u00bb2&#8243; _builder_version=\u00bb4.16&#8243; custom_padding=\u00bb|||\u00bb global_colors_info=\u00bb{}\u00bb custom_padding__hover=\u00bb|||\u00bb][et_pb_row_inner custom_padding_last_edited=\u00bbon|desktop\u00bb _builder_version=\u00bb4.21.0&#8243; _module_preset=\u00bbdefault\u00bb custom_padding=\u00bb55px||53px||false|false\u00bb custom_padding_tablet=\u00bb33px||0px||false|false\u00bb custom_padding_phone=\u00bb26px||0px||false|false\u00bb global_colors_info=\u00bb{}\u00bb][et_pb_column_inner saved_specialty_column_type=\u00bb1_2&#8243; _builder_version=\u00bb4.21.0&#8243; _module_preset=\u00bbdefault\u00bb global_colors_info=\u00bb{}\u00bb][et_pb_cta title=\u00bbConoce nuestro Coworking\u00bb button_text=\u00bbClics\u00bb _builder_version=\u00bb4.21.0&#8243; _module_preset=\u00bbdefault\u00bb header_font=\u00bbLOTA GROTESQUE BOLD||||||||\u00bb header_text_align=\u00bbleft\u00bb header_text_color=\u00bb#ffffff\u00bb header_font_size=\u00bb34px\u00bb body_font=\u00bbLOTA GROTESQUE REGULAR||||||||\u00bb body_text_align=\u00bbleft\u00bb body_text_color=\u00bb#ffffff\u00bb body_font_size=\u00bb18px\u00bb body_line_height=\u00bb1.4em\u00bb background_color=\u00bbRGBA(255,255,255,0)\u00bb custom_padding=\u00bb31px||0px||false|\u00bb header_font_size_tablet=\u00bb37px\u00bb header_font_size_phone=\u00bb21px\u00bb header_font_size_last_edited=\u00bbon|desktop\u00bb body_font_size_tablet=\u00bb16px\u00bb body_font_size_phone=\u00bb14px\u00bb body_font_size_last_edited=\u00bbon|desktop\u00bb border_radii=\u00bbon|30px|30px|30px|30px\u00bb global_colors_info=\u00bb{}\u00bb]<\/p>\n<p><span data-metadata=\"&lt;!--(figmeta)eyJmaWxlS2V5IjoiMklZdzFpSzYwQ1gxQmZsQ29Ic21ZdyIsInBhc3RlSUQiOjE0ODMxNzkyMzEsImRhdGFUeXBlIjoic2NlbmUifQo=(\/figmeta)--&gt;\"><\/span>Un espacio de trabajo compartido para profesionales, emprendedores y equipos que buscan m\u00e1s que una oficina. Un ambiente creativo y motivador, con flexibilidad total, infraestructura lista para usar y una comunidad colaborativa que potencia la productividad y el networking.<\/p>\n<p><strong>C\u00f3modo, conectado y con buena energ\u00eda.<\/strong><\/p>\n<p>[\/et_pb_cta][\/et_pb_column_inner][\/et_pb_row_inner][\/et_pb_column][et_pb_column type=\u00bb1_2&#8243; _builder_version=\u00bb4.16&#8243; custom_padding=\u00bb|||\u00bb global_colors_info=\u00bb{}\u00bb custom_padding__hover=\u00bb|||\u00bb][et_pb_video src=\u00bbhttps:\/\/midi.ar\/wp-content\/uploads\/2024\/04\/SPOT-MIDI.mp4&#8243; play_icon_color=\u00bb#3F4376&#8243; font_icon=\u00bb&#x49;||divi||400&#8243; _builder_version=\u00bb4.21.0&#8243; _module_preset=\u00bbdefault\u00bb border_radii=\u00bbon|30px|30px|30px|30px\u00bb global_colors_info=\u00bb{}\u00bb][\/et_pb_video][\/et_pb_column][\/et_pb_section][et_pb_section fb_built=\u00bb1&#8243; _builder_version=\u00bb4.21.0&#8243; _module_preset=\u00bbdefault\u00bb background_color=\u00bb#eaebef\u00bb custom_padding=\u00bb0px||0px|||\u00bb global_colors_info=\u00bb{}\u00bb][et_pb_row column_structure=\u00bb1_2,1_2&#8243; _builder_version=\u00bb4.21.0&#8243; _module_preset=\u00bbdefault\u00bb min_height=\u00bb419.7px\u00bb custom_margin=\u00bb|auto|-15px|auto||\u00bb custom_padding=\u00bb||0px|||\u00bb global_colors_info=\u00bb{}\u00bb][et_pb_column type=\u00bb1_2&#8243; _builder_version=\u00bb4.21.0&#8243; _module_preset=\u00bbdefault\u00bb global_colors_info=\u00bb{}\u00bb][et_pb_slider _builder_version=\u00bb4.21.0&#8243; _module_preset=\u00bbdefault\u00bb body_font_size=\u00bb18px\u00bb body_letter_spacing=\u00bb1px\u00bb body_line_height=\u00bb1.2em\u00bb custom_button=\u00bbon\u00bb min_height=\u00bb413.1px\u00bb box_shadow_style_button=\u00bbpreset6&#8243; global_colors_info=\u00bb{}\u00bb][et_pb_slide heading=\u00bbCoworking XR+\u00bb button_text=\u00bbReserv\u00e1 tu espacio\u00bb button_link=\u00bbhttps:\/\/docs.google.com\/forms\/d\/e\/1FAIpQLSfxZBqi9ycHFCQ9VHeRE0OxFw9LZuK0jTkzW19WJMwLRPHsIw\/viewform\u00bb _builder_version=\u00bb4.21.0&#8243; _module_preset=\u00bbdefault\u00bb body_line_height=\u00bb1.1em\u00bb body_text_shadow_style=\u00bbpreset1&#8243; global_colors_info=\u00bb{}\u00bb sticky_transition=\u00bbon\u00bb]<\/p>\n<p>Dise\u00f1ado para potenciar proyectos profesionales y experimentales en realidades extendidas. Para acceder a este espacio tecnol\u00f3gico, deb\u00e9s solicitar tu turno v\u00eda correo electr\u00f3nico y aguardar la confirmaci\u00f3n oficial; una vez coordinado, solo necesit\u00e1s presentarte el d\u00eda asignado con tu DNI.<\/p>\n<p>[\/et_pb_slide][et_pb_slide heading=\u00bbEquipamiento\u00bb _builder_version=\u00bb4.21.0&#8243; _module_preset=\u00bbdefault\u00bb global_colors_info=\u00bb{}\u00bb sticky_transition=\u00bbon\u00bb]<\/p>\n<p>\u2022 Notebook con RTX 3070 y 3080<br data-start=\"48\" data-end=\"51\" \/>\u2022 PC Workstation RTX 3090<br data-start=\"76\" data-end=\"79\" \/>\u2022 Visores Oculus Quest 2<br data-start=\"103\" data-end=\"106\" \/>\u2022 Tablets Samsung S7<\/p>\n<p>[\/et_pb_slide][\/et_pb_slider][\/et_pb_column][et_pb_column type=\u00bb1_2&#8243; _builder_version=\u00bb4.21.0&#8243; _module_preset=\u00bbdefault\u00bb global_colors_info=\u00bb{}\u00bb][et_pb_slider _builder_version=\u00bb4.21.0&#8243; _module_preset=\u00bbdefault\u00bb body_font_size=\u00bb18px\u00bb body_letter_spacing=\u00bb1px\u00bb body_line_height=\u00bb1.2em\u00bb background_color=\u00bb#ED7A00&#8243; custom_button=\u00bbon\u00bb min_height=\u00bb412px\u00bb custom_margin=\u00bb||29px|||\u00bb custom_padding=\u00bb45px||45px||true|\u00bb button_text_shadow_style=\u00bbpreset1&#8243; global_colors_info=\u00bb{}\u00bb][et_pb_slide heading=\u00bbCoworking Fablab\u00bb button_text=\u00bbReserv\u00e1 tu espacio\u00bb button_link=\u00bbhttps:\/\/wa.link\/naed05&#8243; _builder_version=\u00bb4.21.0&#8243; _module_preset=\u00bbdefault\u00bb body_line_height=\u00bb1.1em\u00bb body_text_shadow_style=\u00bbpreset1&#8243; global_colors_info=\u00bb{}\u00bb sticky_transition=\u00bbon\u00bb]<\/p>\n<p>Espacio maker dise\u00f1ado para producir a escala, prototipar y experimentar con impresi\u00f3n 3D. Para acceder a los equipos, deb\u00e9s enviar una solicitud de reserva y aguardar la confirmaci\u00f3n oficial v\u00eda mail o mensaje. El uso de los equipos est\u00e1 sujeto a aprobaci\u00f3n previa.<\/p>\n<p>&nbsp;<\/p>\n<p>[\/et_pb_slide][et_pb_slide heading=\u00bbEquipamiento\u00bb _builder_version=\u00bb4.21.0&#8243; _module_preset=\u00bbdefault\u00bb global_colors_info=\u00bb{}\u00bb sticky_transition=\u00bbon\u00bb]<\/p>\n<p>\u2022 M\u00e1quinas de Impresi\u00f3n 3D FDM Longitudinal<br data-start=\"61\" data-end=\"64\" \/>\u2022 M\u00e1quina de Impresi\u00f3n 3D FDM Arcilla<br data-start=\"101\" data-end=\"104\" \/>\u2022 M\u00e1quinas de Impresi\u00f3n 3D FDM<br data-start=\"134\" data-end=\"137\" \/>\u2022 Tableta Wacom Digitalizadora<br data-start=\"167\" data-end=\"170\" \/>\u2022 M\u00e1quina Profesional de Resina<br data-start=\"201\" data-end=\"204\" \/>\u2022 Termoformadoras<\/p>\n<p>[\/et_pb_slide][\/et_pb_slider][\/et_pb_column][\/et_pb_row][et_pb_row column_structure=\u00bb1_2,1_2&#8243; _builder_version=\u00bb4.21.0&#8243; _module_preset=\u00bbdefault\u00bb min_height=\u00bb397.7px\u00bb custom_margin=\u00bb|auto|-23px|auto||\u00bb global_colors_info=\u00bb{}\u00bb][et_pb_column type=\u00bb1_2&#8243; _builder_version=\u00bb4.21.0&#8243; _module_preset=\u00bbdefault\u00bb global_colors_info=\u00bb{}\u00bb][et_pb_slider _builder_version=\u00bb4.21.0&#8243; _module_preset=\u00bbdefault\u00bb header_font=\u00bbLOTA GROTESQUE BLACK||||||||\u00bb body_font_size=\u00bb18px\u00bb body_letter_spacing=\u00bb1px\u00bb body_line_height=\u00bb1.2em\u00bb custom_button=\u00bbon\u00bb min_height=\u00bb413.1px\u00bb box_shadow_style_button=\u00bbpreset6&#8243; global_colors_info=\u00bb{}\u00bb][et_pb_slide heading=\u00bbCoworking Fotolab\u00bb button_text=\u00bbReserv\u00e1 tu espacio\u00bb button_link=\u00bbhttps:\/\/docs.google.com\/forms\/d\/e\/1FAIpQLSeOKjRQxqFMZ68LNj_BmrWDMbsfSMdIg_xQOSfjyRiFCiY_jA\/viewform\u00bb _builder_version=\u00bb4.21.0&#8243; _module_preset=\u00bbdefault\u00bb body_line_height=\u00bb1.1em\u00bb background_color=\u00bb#258651&#8243; background_enable_color=\u00bbon\u00bb body_text_shadow_style=\u00bbpreset1&#8243; global_colors_info=\u00bb{}\u00bb sticky_transition=\u00bbon\u00bb]<\/p>\n<p>Estudio fotogr\u00e1fico pensado para que fot\u00f3grafos, estudiantes y creadores puedan producir con equipamiento profesional. Para acceder al espacio, deb\u00e9s solicitar tu turno v\u00eda correo electr\u00f3nico y aguardar la confirmaci\u00f3n oficial; una vez coordinado, solo necesit\u00e1s presentarte el d\u00eda asignado con tu DNI.<\/p>\n<p>[\/et_pb_slide][et_pb_slide heading=\u00bbEquipamiento\u00bb button_text=\u00bbConsultas por wpp\u00bb button_link=\u00bbhttp:\/\/bit.ly\/3y3P230&#8243; _builder_version=\u00bb4.21.0&#8243; _module_preset=\u00bbdefault\u00bb background_color=\u00bb#258651&#8243; background_enable_color=\u00bbon\u00bb global_colors_info=\u00bb{}\u00bb sticky_transition=\u00bbon\u00bb]<\/p>\n<p>\u2022 Modeladores de Luz Visico<br data-start=\"95\" data-end=\"98\" \/>\u2022 Equipos de Iluminaci\u00f3n Visico<br data-start=\"129\" data-end=\"132\" data-is-only-node=\"\" \/>\u2022 Flashes y leds Visico<br data-start=\"164\" data-end=\"167\" \/>\u2022 Pantallas Reflectoras<br data-start=\"190\" data-end=\"193\" \/>\u2022 Disparadores y portafondos<br data-start=\"223\" data-end=\"226\" \/>\u2022 C\u00e1maras y lentes Cannon<br data-start=\"260\" data-end=\"263\" \/>\u2022 Notebooks<\/p>\n<p>[\/et_pb_slide][\/et_pb_slider][\/et_pb_column][et_pb_column type=\u00bb1_2&#8243; _builder_version=\u00bb4.21.0&#8243; _module_preset=\u00bbdefault\u00bb global_colors_info=\u00bb{}\u00bb][et_pb_slider _builder_version=\u00bb4.21.0&#8243; _module_preset=\u00bbdefault\u00bb header_font=\u00bbLOTA GROTESQUE BLACK||||||||\u00bb body_font_size=\u00bb18px\u00bb body_letter_spacing=\u00bb1px\u00bb body_line_height=\u00bb1.2em\u00bb background_color=\u00bb#ED7A00&#8243; custom_button=\u00bbon\u00bb min_height=\u00bb422px\u00bb custom_margin=\u00bb||29px|||\u00bb custom_padding=\u00bb45px||45px||true|\u00bb button_text_shadow_style=\u00bbpreset1&#8243; global_colors_info=\u00bb{}\u00bb][et_pb_slide heading=\u00bbCoworking Fashionlab\u00bb button_text=\u00bbReserv\u00e1 tu espacio\u00bb button_link=\u00bbhttps:\/\/wa.link\/cd9aor\u00bb _builder_version=\u00bb4.21.0&#8243; _module_preset=\u00bbdefault\u00bb body_line_height=\u00bb1.1em\u00bb background_color=\u00bb#ec8cb6&#8243; background_enable_color=\u00bbon\u00bb body_text_shadow_style=\u00bbpreset1&#8243; global_colors_info=\u00bb{}\u00bb sticky_transition=\u00bbon\u00bb]<\/p>\n<p>Espacio de producci\u00f3n orientado a dise\u00f1adores de indumentaria, emprendedores y profesionales de la moda que necesitan maquinaria o un lugar para crear sus productos. Reservar el espacio de coworking y el servicio de sublimaci\u00f3n directamente por whatsapp.<\/p>\n<p>[\/et_pb_slide][et_pb_slide heading=\u00bbEquipamiento\u00bb _builder_version=\u00bb4.21.0&#8243; _module_preset=\u00bbdefault\u00bb background_color=\u00bb#ec8cb6&#8243; background_enable_color=\u00bbon\u00bb global_colors_info=\u00bb{}\u00bb sticky_transition=\u00bbon\u00bb]<\/p>\n<p data-start=\"0\" data-end=\"25\"><strong data-start=\"0\" data-end=\"25\">M\u00e1quinas Industriales y familiares<\/strong><\/p>\n<p data-start=\"27\" data-end=\"125\">\u2022 Poste y\u00a0Rectas<br data-start=\"45\" data-end=\"48\" \/>\u2022 Collareta<br data-start=\"59\" data-end=\"62\" \/>\u2022 Overlock<br data-start=\"72\" data-end=\"75\" \/>\u2022 Recta doble y triple arrastre<br data-start=\"98\" data-end=\"101\" \/>\u2022 Recta Doble Arrastre<\/p>\n<p>[\/et_pb_slide][\/et_pb_slider][\/et_pb_column][\/et_pb_row][et_pb_row column_structure=\u00bb1_2,1_2&#8243; _builder_version=\u00bb4.21.0&#8243; _module_preset=\u00bbdefault\u00bb min_height=\u00bb621.5px\u00bb custom_padding=\u00bb||0px|||\u00bb global_colors_info=\u00bb{}\u00bb][et_pb_column type=\u00bb1_2&#8243; _builder_version=\u00bb4.21.0&#8243; _module_preset=\u00bbdefault\u00bb global_colors_info=\u00bb{}\u00bb][et_pb_slider _builder_version=\u00bb4.21.0&#8243; _module_preset=\u00bbdefault\u00bb header_font=\u00bbLOTA GROTESQUE BLACK||||||||\u00bb body_font_size=\u00bb18px\u00bb body_letter_spacing=\u00bb1px\u00bb body_line_height=\u00bb1.2em\u00bb custom_button=\u00bbon\u00bb min_height=\u00bb224.1px\u00bb custom_margin=\u00bb||139px|||\u00bb custom_padding=\u00bb||140px|||\u00bb hover_enabled=\u00bb0&#8243; box_shadow_style_button=\u00bbpreset6&#8243; global_colors_info=\u00bb{}\u00bb sticky_enabled=\u00bb0&#8243;][et_pb_slide heading=\u00bbCoworking Business\u00bb button_text=\u00bbConsultas\u00bb button_link=\u00bbhttps:\/\/wa.link\/z5o2jp\u00bb _builder_version=\u00bb4.21.0&#8243; _module_preset=\u00bbdefault\u00bb body_line_height=\u00bb1.1em\u00bb background_color=\u00bb#1D70B6&#8243; background_enable_color=\u00bbon\u00bb hover_enabled=\u00bb0&#8243; body_text_shadow_style=\u00bbpreset1&#8243; global_colors_info=\u00bb{}\u00bb sticky_transition=\u00bbon\u00bb sticky_enabled=\u00bb0&#8243;]<\/p>\n<p>Espacio enfocado en acompa\u00f1ar a emprendedores, dise\u00f1adores y marcas con asesoramiento estrat\u00e9gico, capacitaciones y herramientas para ordenar y potenciar su negocio.<\/p>\n<p>[\/et_pb_slide][\/et_pb_slider][\/et_pb_column][et_pb_column type=\u00bb1_2&#8243; _builder_version=\u00bb4.21.0&#8243; _module_preset=\u00bbdefault\u00bb global_colors_info=\u00bb{}\u00bb][et_pb_slider _builder_version=\u00bb4.21.0&#8243; _module_preset=\u00bbdefault\u00bb header_font=\u00bbLOTA GROTESQUE BLACK||||||||\u00bb body_font_size=\u00bb18px\u00bb body_letter_spacing=\u00bb1px\u00bb body_line_height=\u00bb1.2em\u00bb background_color=\u00bb#ED7A00&#8243; custom_button=\u00bbon\u00bb min_height=\u00bb422px\u00bb custom_margin=\u00bb||29px|||\u00bb custom_padding=\u00bb45px||45px||true|\u00bb button_text_shadow_style=\u00bbpreset1&#8243; locked=\u00bboff\u00bb global_colors_info=\u00bb{}\u00bb][et_pb_slide heading=\u00bbServicio de sublimaci\u00f3n de telas\u00bb button_text=\u00bbConsultar servicio\u00bb button_link=\u00bbhttps:\/\/wa.link\/cd9aor\u00bb _builder_version=\u00bb4.21.0&#8243; _module_preset=\u00bbdefault\u00bb body_line_height=\u00bb1.1em\u00bb background_color=\u00bb#E4332A\u00bb background_enable_color=\u00bbon\u00bb body_text_shadow_style=\u00bbpreset1&#8243; locked=\u00bboff\u00bb global_colors_info=\u00bb{}\u00bb sticky_transition=\u00bbon\u00bb]<\/p>\n<p>Consultar valor por metro de impresi\u00f3n y sublimaci\u00f3n.<\/p>\n<p><strong>Requisitos de archivo<\/strong><\/p>\n<p>&#8211; Formato: PDF o Corel.<br \/>&#8211; Modo de color: CMYK.<br \/>&#8211; Ancho m\u00e1ximo de impresi\u00f3n: 1,10;<br \/>no hay m\u00ednimo de impresi\u00f3n.<br \/>&#8211; No se realizan correcciones de archivo.<\/p>\n<p>[\/et_pb_slide][\/et_pb_slider][\/et_pb_column][\/et_pb_row][\/et_pb_section][et_pb_section fb_built=\u00bb1&#8243; _builder_version=\u00bb4.21.0&#8243; _module_preset=\u00bbdefault\u00bb background_color=\u00bb#eaebef\u00bb custom_margin=\u00bb||-87px|||\u00bb custom_padding=\u00bb0px||0px|||\u00bb global_colors_info=\u00bb{}\u00bb][\/et_pb_section]<\/p>\n","protected":false},"excerpt":{"rendered":"<p>Un espacio de trabajo compartido para profesionales, emprendedores y equipos que buscan m\u00e1s que una oficina. Un ambiente creativo y motivador, con flexibilidad total, infraestructura lista para usar y una comunidad colaborativa que potencia la productividad y el networking. C\u00f3modo, conectado y con buena energ\u00eda.Dise\u00f1ado para potenciar proyectos profesionales y experimentales en realidades extendidas. Para [&hellip;]<\/p>\n","protected":false},"author":2,"featured_media":0,"parent":0,"menu_order":0,"comment_status":"closed","ping_status":"closed","template":"","meta":{"_et_pb_use_builder":"on","_et_pb_old_content":"","_et_gb_content_width":"","footnotes":""},"class_list":["post-666","page","type-page","status-publish","hentry"],"_links":{"self":[{"href":"https:\/\/midi.ar\/index.php\/wp-json\/wp\/v2\/pages\/666","targetHints":{"allow":["GET"]}}],"collection":[{"href":"https:\/\/midi.ar\/index.php\/wp-json\/wp\/v2\/pages"}],"about":[{"href":"https:\/\/midi.ar\/index.php\/wp-json\/wp\/v2\/types\/page"}],"author":[{"embeddable":true,"href":"https:\/\/midi.ar\/index.php\/wp-json\/wp\/v2\/users\/2"}],"replies":[{"embeddable":true,"href":"https:\/\/midi.ar\/index.php\/wp-json\/wp\/v2\/comments?post=666"}],"version-history":[{"count":56,"href":"https:\/\/midi.ar\/index.php\/wp-json\/wp\/v2\/pages\/666\/revisions"}],"predecessor-version":[{"id":3433,"href":"https:\/\/midi.ar\/index.php\/wp-json\/wp\/v2\/pages\/666\/revisions\/3433"}],"wp:attachment":[{"href":"https:\/\/midi.ar\/index.php\/wp-json\/wp\/v2\/media?parent=666"}],"curies":[{"name":"wp","href":"https:\/\/api.w.org\/{rel}","templated":true}]}}